{"id":8341,"date":"2015-04-04T10:32:42","date_gmt":"2015-04-04T08:32:42","guid":{"rendered":"https:\/\/wdzdordt.nl\/?page_id=8341"},"modified":"2024-03-30T20:40:58","modified_gmt":"2024-03-30T19:40:58","slug":"kampen-en-evenementen","status":"publish","type":"page","link":"https:\/\/wdzdordt.nl\/?page_id=8341","title":{"rendered":"Kampen en evenementen"},"content":{"rendered":"<p><strong>Kleine kampen<\/strong><br \/>\n\u00e9\u00e9n avond en \u00e9\u00e9n dag &#8211; vrijdagavond en zaterdag of zaterdagavond en zondag kost \u20ac 30.<br \/>\ntwee dagen &#8211; zaterdag en zondag kost \u20ac 35.<br \/>\n\u00e9\u00e9n avond en twee dagen &#8211; vrijdagavond, zaterdag en zondag \u20ac 40.<\/p>\n<p>drie dagen zaterdag, zondag en maandag \u20ac 50.<\/p>\n<p>\u00e9\u00e9n avond en drie dagen vrijdagavond, zaterdag, zondag en maandag kost \u20ac 55.<\/p>\n<p>vier dagen donderdag, vrijdag, zaterdag en zondag \u20ac 65.<\/p>\n<p>\u00e9\u00e9n avond en vier dagen woensdagavond, donderdag, vrijdag, zaterdag en zondag kost \u20ac 70.<\/p>\n<p><strong>Zomerkamp<\/strong><br \/>\nZomerkampen zijn \u20ac 27,50 per dag.<br \/>\nHet zomerkamp van de Welpen duurt 7 dagen en kost \u20ac 192,50.<br \/>\nDe zomerkampen van de Verkenners, Wilde Vaart en Loodsen duren 10 dagen en kosten \u20ac 275.<\/p>\n<p><strong>Evenementen<\/strong><br \/>\nVoor regionale en landelijke kampen zoals Nawaka kan een andere kampprijs gelden.<\/p>\n<p>Verder zijn er gedurende het jaar evenementen waarbij een bijdrage voor gevraagd kan worden. Zoals het kerstdiner, regiodagen en Jota-Joti.<\/p>\n<p>Kleine kampen en evenementen worden rechtstreeks betaald aan de leiding van de speltak.<\/p>\n","protected":false},"excerpt":{"rendered":"<p>Kleine kampen \u00e9\u00e9n avond en \u00e9\u00e9n dag &#8211; vrijdagavond en zaterdag of zaterdagavond en zondag kost \u20ac 30. twee dagen &#8211; zaterdag en zondag kost \u20ac 35. \u00e9\u00e9n avond en twee dagen &#8211; vrijdagavond, zaterdag en zondag \u20ac 40. drie &hellip; <a href=\"https:\/\/wdzdordt.nl\/?page_id=8341\">Lees verder <span class=\"meta-nav\">&rarr;<\/span><\/a><\/p>\n","protected":false},"author":6,"featured_media":0,"parent":8343,"menu_order":3,"comment_status":"closed","ping_status":"closed","template":"","meta":{"ngg_post_thumbnail":0,"footnotes":""},"class_list":["post-8341","page","type-page","status-publish","hentry"],"_links":{"self":[{"href":"https:\/\/wdzdordt.nl\/index.php?rest_route=\/wp\/v2\/pages\/8341","targetHints":{"allow":["GET"]}}],"collection":[{"href":"https:\/\/wdzdordt.nl\/index.php?rest_route=\/wp\/v2\/pages"}],"about":[{"href":"https:\/\/wdzdordt.nl\/index.php?rest_route=\/wp\/v2\/types\/page"}],"author":[{"embeddable":true,"href":"https:\/\/wdzdordt.nl\/index.php?rest_route=\/wp\/v2\/users\/6"}],"replies":[{"embeddable":true,"href":"https:\/\/wdzdordt.nl\/index.php?rest_route=%2Fwp%2Fv2%2Fcomments&post=8341"}],"version-history":[{"count":10,"href":"https:\/\/wdzdordt.nl\/index.php?rest_route=\/wp\/v2\/pages\/8341\/revisions"}],"predecessor-version":[{"id":10618,"href":"https:\/\/wdzdordt.nl\/index.php?rest_route=\/wp\/v2\/pages\/8341\/revisions\/10618"}],"up":[{"embeddable":true,"href":"https:\/\/wdzdordt.nl\/index.php?rest_route=\/wp\/v2\/pages\/8343"}],"wp:attachment":[{"href":"https:\/\/wdzdordt.nl\/index.php?rest_route=%2Fwp%2Fv2%2Fmedia&parent=8341"}],"curies":[{"name":"wp","href":"https:\/\/api.w.org\/{rel}","templated":true}]}}